rime factors of 297/a*4/6.
11
Let h(q) = -q**2 - 5*q - 3. Let n be h(-3). Suppose 10 = n*y + c - 9, y = -3*c + 9. What are the prime factors of 6/(-4) + 39/y?
5
Suppose -x + 3*y = -47 + 12, 0 = -3*x + 5*y + 89. Suppose 0 = 2*u - 7 - x. What are the prime factors of u?
3, 5
Let v be (-2)/8 - (-15)/(-4). Let g = 15 + v. What are the prime factors of g?
11
Let z(t) = -9*t - 2. What are the prime factors of z(-2)?
2
Let g(s) = 8*s - 4. Let c be g(4). Suppose c = -4*l - 72. List the prime factors of (16/(-5))/(5/l).
2
Let t(l) = 0*l - 2*l - 2 - 2. Suppose 3*s - 2*s + 4 = 0. List the prime factors of t(s).
2
Let t = -201 - -427. List the prime factors of t.
2, 113
Suppose -4*q + 17 = -23. Let l(o) = o**3 - 9*o**2 - 7*o - 9. What are the prime factors of l(q)?
3, 7
Let v(b) be the first derivative of -b**3/3 + b**2/2 + 3. Let c(h) = h**3 + 10*h**2 + 2*h - 8. Let x(z) = -c(z) - 3*v(z). List the prime factors of x(-6).
2
Let f(t) = t**3 - 7*t**2 - 4*t + 6. Let o be f(6). List the prime factors of (-747)/o - 2/(-12).
2, 7
Let l be (-7)/(-2) - 1/2. Let w(y) = 8 - l*y**2 + 4*y**2 - 3 + 5*y. What are the prime factors of w(-6)?
11
Let b(u) = 50*u - 23. List the prime factors of b(5).
227
Let w(b) = 32*b - 9. What are the prime factors of w(2)?
5, 11
List the prime factors of (1 - 1)/(-1) + (151 - 4).
3, 7
Suppose 86 = 3*t - 2*h - 1, -4*h = -3*t + 93. Suppose -z + a + t = 0, 5*a - 30 = -3*z + 43. What are the prime factors of z?
2, 13
Let p be 31/3 + 11/(-33). Let c = p - -35. What are the prime factors of c?
3, 5
Let k = 10 - 10. Suppose 4*m + k*o + 4*o - 24 = 0, -4*m = -2*o. What are the prime factors of m?
2
Suppose -318 = 5*i - 8*i. List the prime factors of i.
2, 53
Suppose 266 = 2*f + 2*g, -4*f + 44 = 3*g - 493. What are the prime factors of f?
2, 3, 23
Let g be (1/3)/(1/18). What are the prime factors of (-356)/(-22) + g/(-33)?
2
Suppose -3*g + 4*d = 2, -g - 2*d = -0*g + 4. Let j(i) = 11*i**2 + 2*i. Let b be j(g). List the prime factors of 8/b - 39/(-5).
2
Let p = -7 - -11. Suppose -2*o = -p*u - 2 - 4, 2*u = -4*o - 28. List the prime factors of 165/35 - u/14.
5
Let k be 12*((-2)/2 + -2). Let d = k + 60. What are the prime factors of d?
2, 3
Suppose 6*i - 529 = 95. List the prime factors of i.
2, 13
Suppose 7*c = 3*c + 224. Suppose 0 = -2*k + 12 + c. List the prime factors of k.
2, 17
Let k(u) = -6*u + u**3 + 3 + 3*u**2 + 0*u - 9. Suppose 2*o + 2*o + 16 = 0. List the prime factors of k(o).
2
Let v = -4 + 2. Let i be v/9 - (-3376)/(-36). List the prime factors of i/(-14) + 2/7.
7
Let n = 54 + -22. What are the prime factors of n?
2
Let q = -20 + 12. Let f(o) = -2*o - 12. Let w be f(q). Let b(j) = 4*j - 2. What are the prime factors of b(w)?
2, 7
Let g be (7 - 1)/(-2) + 40. Suppose -g = -4*s - 5. What are the prime factors of s?
2
What are the prime factors of ((-6)/(-1))/((4 - 1)/12)?
2, 3
Let z = 13 + -9. Suppose z*i + 9 - 57 = 0. List the prime factors of i.
2, 3
Let w = 4 + -3. Let t = 22 + w. Suppose q + 0*g + t = -5*g, 4*q - 4*g - 28 = 0. What are the prime factors of q?
2
Let m = -1 + 0. What are the prime factors of (-1)/m + 1*28?
29
Let g be (-6 + -1)*12/14. Suppose -o = -6*o. List the prime factors of 10/(-6)*(o + g).
2, 5
Suppose -g = -6*g + 5. What are the prime factors of 0/(-4*g) + 16?
2
Suppose -5*p - 2*j + 643 = -j, -4*p - 5*j = -527. What are the prime factors of p?
2
Let l be 4/(-14) - (-36)/(-21). Let c(a) = a**3 + 5*a**2 - 2. Let h(p) = 2*p**3 + 16*p**2 - 6. Let d(i) = -7*c(i) + 2*h(i). List the prime factors of d(l).
2, 7
Let k(v) = -8*v - 2. Let j be (-1)/((-2)/16*2). Let g(b) = -9*b - 3. Let m(h) = j*g(h) - 6*k(h). List the prime factors of m(1).
2, 3
Suppose -4*t + 86 = b, -4*t + 92 = -b - b. Suppose -5*g = -4*v + 72, -5*v = 3*g - 105 - t. List the prime factors of v.
23
Suppose 3*v - 132 + 30 = 0. Suppose 0 = 5*w - 3*b - 125, -3*w + 5*b + v = -25. List the prime factors of w.
2, 7
Let p = 21 - 12. List the prime factors of p.
3
Let z(f) = 4 - f + 4*f - 4*f - 3*f. What are the prime factors of z(-3)?
2
Let o = 57 + 81. List the prime factors of o.
2, 3, 23
Let w(x) = -x**2 - 17*x - 20. What are the prime factors of w(-15)?
2, 5
Let s = 16 + -10. Suppose -f - s = -0*f. Let p(t) = t + 8. List the prime factors of p(f).
2
Let w(y) = y**2 - 2*y. Let a be 3 - ((-2)/(-2) + -2). Let u be (a/(-3))/((-2)/6). List the prime factors of w(u).
2
List the prime factors of (-4)/8 + (-186)/(-4).
2, 23
Let n = -130 + 188. Suppose 6 = 4*j - n. List the prime factors of j.
2
Let z(a) = a**2 + 6*a + 6. Let n be z(-6). Let v(r) be the third derivative of r**4/24 + r**3/3 + 5*r**2. What are the prime factors of v(n)?
2
Suppose 3*r - 105 - 9 = 3*d, 4*d = -2*r + 94. Let q = r - 25. List the prime factors of q.
2
Suppose 285 = 3*u - 3*q, -3*q = 5*u - 0*q - 499. List the prime factors of u.
2, 7
Let y(r) = -r**2 + 6*r + 4. Let t be y(6). Suppose 4*p - 4 = -t*h, -4*p + 0*h + 4 = 3*h. What are the prime factors of (p/(-3))/(6/(-72))?
2
Suppose -21 - 9 = -5*f. Suppose 16 = -2*b + f*b. List the prime factors of b.
2
Let q(b) = b**3 - b**2 + 2*b + 4. Let p be q(4). Let n = p + -30. What are the prime factors of n?
2, 3, 5
Suppose 0*i - 4 = 4*i. What are the prime factors of (-1)/i*(4 + 9)?
13
Suppose 3*o + 25 = -2*o. What are the prime factors of ((-20)/(-8))/o*-118?
59
Let n(s) = -3*s**2 - 6*s - 6. Let v(p) = p**2 + 2*p + 2. Let g(u) = 6*n(u) + 17*v(u). Let k be g(-5). List the prime factors of k/(-2) - (-1)/2.
3
Suppose 4*u - 64 - 28 = 0. What are the prime factors of u?
23
Let q(h) = -h**3 + h**2 + 128. List the prime factors of q(0).
2
Let k(q) = q**2 - 11*q + 9. Let z be k(10). Let f = 9 - z. List the prime factors of f.
2, 5
What are the prime factors of 1/(-4) - 868/(-16)?
2, 3
Let g = 14 - 9. Let h(s) = s**3 - 4*s - 7*s**2 + 3*s**2 + s - 5. List the prime factors of h(g).
5
Let n(g) = g**3 + 11*g**2 - 14*g - 7. Let i be n(-12). Let s = -10 + i. What are the prime factors of s?
7
Let t = -48 - -82. List the prime factors of t.
2, 17
Suppose 4*b + 5*a - 64 = 0, 4*a - 53 = -3*b - a. Let z(g) = -g - 7. Let i be z(-5). Let u = b + i. List the prime factors of u.
3
Suppose c = -16 - 3. Suppose -84 = -2*z - z. Let f = z + c. List the prime factors of f.
3
Suppose -d - 2 = 3, 2*d + 90 = -4*z. Let j = -13 - z. List the prime factors of j.
7
Let r(d) be the third derivative of 3*d**4/8 - d**3/2 - 4*d**2. What are the prime factors of r(2)?
3, 5
Let l = 29 - 15. What are the prime factors of 816/14 - 4/l?
2, 29
Suppose 0 = 2*f - d, -4*f = -f + 3*d - 18. Suppose 6*i - 3*i - 22 = -f*z, -3*z = -i - 11. Suppose -y - i*y = -50. What are the prime factors of y?
2, 5
Let z(r) = 751*r**2 - 2*r - 1. Let l be z(-1). Let s be (-3)/(-9) + l/12. Suppose -3*i + 5*n + 100 = 37, -4*n + s = 3*i. List the prime factors of i.
3, 7
Let i be -2*(2 - (-9)/(-2)). Suppose -3*v = -i*m - 7, 2*v + 3 = m + 10. Suppose -c + 1 = n, -2*c - 11 = -v*c + n. What are the prime factors of c?
2
Suppose 7 = -4*q + 2*q + s, 4*q = s - 9. Let x(w) = w + 1. Let r be x(2). Let h = q + r. List the prime factors of h.
2
Suppose 2*c - 3*c + 46 = p, -26 = -p + 4*c. List the prime factors of p.
2, 3, 7
Let n be ((-84)/10)/((-3)/10). Suppose 2*q = 5*m - 64, 2*m + m + 4*q = n. What are the prime factors of m?
2, 3
Suppose 0 = -17*z + 15*z + 18. What are the prime factors of z?
3
Suppose 0 = -5*g, 8*r - 5*g - 118 = 6*r. What are the prime factors of r?
59
Let z(o) = 2 + 0 - o**2 - 6*o + 2*o**2. Let q be z(6). List the prime factors of q - (0 - 2) - -2.
2, 3
Suppose -z = -5*p - 0*z + 1782, 4*z - 1772 = -5*p. Let v be p/18 + 4/18. Suppose 5*g - 12 = -4*h, -3*g = 2*h - 4*g - v. List the prime factors of h.
2
Suppose 2*w + 9 = l, 0 = -5*l + 3*w - 4*w + 12. List the prime factors of 3 + 3/(l/2).
5
What are the prime factors of 23/3 - (-2)/(-3)?
7
Suppose 19*n - 15*n - 176 = 0. List the prime factors of n.
2, 11
Let h be (3 - (-4)/1)*1. Let x(t) = t - 5. What are the prime factors of x(h)?
2
Let b = 5 - 2. Let q(h) = -2*h**2 + 4*h + 2. Let n(x) = 2*x**2 - 5*x - 3. Let f(v) = -3*n(v) - 4*q(v). What are the prime factors of f(b)?
2
Let k be (-25)/(-150) + (-50)/12. Let z(w) = -1. Let i(j) = -5*j - 25. Let l(y) = i(y) - 20*z(y). What are the prime factors of l(k)?
3, 5
Suppose 3*a = -3*k + 108, 0 = 4*a + 4*k - 3*k - 